he remainder when 2352 is divided by 5.
2
What is the remainder when 73243 is divided by 15?
13
Calculate the remainder when 469 is divided by 160.
149
Calculate the remainder when 46 is divided by 12.
10
What is the remainder when 4750 is divided by 2?
0
Calculate the remainder when 357 is divided by 43.
13
Calculate the remainder when 241 is divided by 31.
24
Calculate the remainder when 73 is divided by 25.
23
What is the remainder when 13829 is divided by 10?
9
Calculate the remainder when 527 is divided by 272.
255
Calculate the remainder when 698 is divided by 54.
50
Calculate the remainder when 8 is divided by 3.
2
Calculate the remainder when 677 is divided by 10.
7
Calculate the remainder when 268 is divided by 25.
18
What is the remainder when 316 is divided by 102?
10
Calculate the remainder when 148 is divided by 58.
32
What is the remainder when 203 is divided by 141?
62
What is the remainder when 11300 is divided by 12?
8
What is the remainder when 67 is divided by 25?
17
Calculate the remainder when 51 is divided by 43.
8
Calculate the remainder when 455 is divided by 382.
73
Calculate the remainder when 238 is divided by 130.
108
What is the remainder when 312 is divided by 25?
12
What is the remainder when 1252 is divided by 33?
31
What is the remainder when 625 is divided by 201?
22
What is the remainder when 378 is divided by 16?
10
Calculate the remainder when 84 is divided by 46.
38
What is the remainder when 141 is divided by 4?
1
What is the remainder when 906 is divided by 128?
10
What is the remainder when 630 is divided by 88?
14
What is the remainder when 2748 is divided by 11?
9
What is the remainder when 47 is divided by 31?
16
What is the remainder when 40 is divided by 21?
19
Calculate the remainder when 203 is divided by 72.
59
What is the remainder when 302 is divided by 104?
94
Calculate the remainder when 323 is divided by 13.
11
Calculate the remainder when 6529 is divided by 92.
89
What is the remainder when 323 is divided by 6?
5
Calculate the remainder when 11720 is divided by 335.
330
Calculate the remainder when 339 is divided by 18.
15
What is the remainder when 248 is divided by 36?
32
What is the remainder when 489 is divided by 231?
27
What is the remainder when 115 is divided by 9?
7
Calculate the remainder when 1912 is divided by 1905.
7
Calculate the remainder when 131 is divided by 45.
41
What is the remainder when 288 is divided by 45?
18
What is the remainder when 14 is divided by 5?
4
Calculate the remainder when 8197 is divided by 41.
38
Calculate the remainder when 1054 is divided by 88.
86
What is the remainder when 101 is divided by 18?
11
Calculate the remainder when 7 is divided by 4.
3
Calculate the remainder when 227 is divided by 108.
11
What is the remainder when 244 is divided by 125?
119
Calculate the remainder when 439 is divided by 20.
19
Calculate the remainder when 87 is divided by 18.
15
What is the remainder when 1855 is divided by 80?
15
Calculate the remainder when 32 is divided by 23.
9
What is the remainder when 177 is divided by 78?
21
Calculate the remainder when 745 is divided by 44.
41
What is the remainder when 1237 is divided by 151?
29
What is the remainder when 353 is divided by 111?
20
Calculate the remainder when 298 is divided by 15.
13
What is the remainder when 532 is divided by 89?
87
What is the remainder when 449 is divided by 130?
59
Calculate the remainder when 892 is divided by 3.
1
What is the remainder when 2049 is divided by 50?
49
What is the remainder when 175 is divided by 61?
53
Calculate the remainder when 1135 is divided by 10.
5
What is the remainder when 404 is divided by 101?
0
What is the remainder when 455 is divided by 145?
20
What is the remainder when 282 is divided by 11?
7
What is the remainder when 1026 is divided by 206?
202
Calculate the remainder when 1210 is divided by 32.
26
What is the remainder when 435 is divided by 6?
3
What is the remainder when 68 is divided by 20?
8
Calculate the remainder when 1366 is divided by 81.
70
What is the remainder when 69 is divided by 18?
15
What is the remainder when 2621 is divided by 25?
21
Calculate the remainder when 219 is divided by 13.
11
What is the remainder when 81 is divided by 79?
2
What is the remainder when 308 is divided by 102?
2
Calculate the remainder when 6770 is divided by 61.
60
Calculate the remainder when 1062 is divided by 41.
37
What is the remainder when 363 is divided by 3?
0
What is the remainder when 434 is divided by 44?
38
Calculate the remainder when 1394 is divided by 25.
19
Calculate the remainder when 24 is divided by 9.
6
Calculate the remainder when 118 is divided by 8.
6
Calculate the remainder when 25 is divided by 19.
6
What is the remainder when 25 is divided by 10?
5
Calculate the remainder when 1016 is divided by 503.
10
What is the remainder when 305 is divided by 62?
57
Calculate the remainder when 216 is divided by 63.
27
Calculate the remainder when 1238 is divided by 5.
3
Calculate the remainder when 3410 is divided by 67.
60
Calculate the remainder when 674 is divided by 58.
36
What is the remainder when 294 is divided by 32?
6
Calculate the remainder when 269 is divided by 30.
29
Calculate the remainder when 458 is divided by 101.
54
What is the remainder when 4408 is divided by 1099?
12
What is the remainder when 54 is divided by 32?
22
Calculate the remainder when 13924 is divided by 6.
4
Calculate the remainder when 3609 is divided by 77.
67
What is the remainder when 3193 is divided by 80?
73
Calculate the remainder when 212 is divided by 54.
50
What is the remainder when 451 is divided by 40?
11
Calculate the remainder when 240 is divided by 66.
42
What is the remainder when 3354 is divided by 37?
24
What is the remainder when 1042 is divided by 8?
2
Calculate the remainder when 1471 is divided by 94.
61
Calculate the remainder when 383 is divided by 32.
31
Calculate the remainder when 3370 is divided by 1122.
4
Calculate the remainder when 1706 is divided by 35.
26
What is the remainder when 238 is divided by 12?
10
What is the remainder when 98 is divided by 20?
18
What is the remainder when 657 is divided by 283?
91
What is the remainder when 183 is divided by 34?
13
What is the remainder when 8055 is divided by 102?
99
What is the remainder when 72 is divided by 18?
0
Calculate the remainder when 190 is divided by 48.
46
What is the remainder when 4469 is divided by 12?
5
What is the remainder when 98 is divided by 20?
18
What is the remainder when 247 is divided by 43?
32
What is the remainder when 46 is divided by 25?
21
Calculate the remainder when 2658 is divided by 7.
5
Calculate the remainder when 630 is divided by 79.
77
What is the remainder when 4496 is divided by 11?
8
What is the remainder when 1037 is divided by 989?
48
Calculate the remainder when 3744 is divided by 4.
0
Calculate the remainder when 121 is divided by 42.
37
Calculate the remainder when 418 is divided by 12.
10
Calculate the remainder when 892 is divided by 53.
44
Calculate the remainder when 1023 is divided by 54.
51
What is the remainder when 2143 is divided by 74?
71
What is the remainder when 373 is divided by 47?
44
What is the remainder when 91 is divided by 25?
16
Calculate the remainder when 3603 is divided by 25.
3
Calculate the remainder when 128 is divided by 13.
11
What is the remainder when 568 is divided by 19?
17
What is the remainder when 1091 is divided by 275?
266
Calculate the remainder when 140 is divided by 8.
4
What is the remainder when 175 is divided by 41?
11
What is the remainder when 78 is divided by 17?
10
What is the remainder when 114 is divided by 43?
28
What is the remainder when 171 is divided by 80?
11
Calculate the remainder when 64751 is divided by 57.
56
What is the remainder when 14 is divided by 5?
4
Calculate the remainder when 265 is divided by 49.
20
Calculate the remainder when 427 is divided by 12.
7
Calculate the remainder when 280 is divided by 31.
1
What is the remainder when 259 is divided by 80?
19
What is the remainder when 1588 is divided by 1545?
43
What is the remainder when 436 is divided by 130?
46
Calculate the remainder when 410 is divided by 52.
46
Calculate the remainder when 24476 is divided